- 8 = 0, -4*b - 18 - 10 = 2*u. Let p be 8/b*(-72)/k. Determine c(p).
-3
Let q = -94 + 97. Let f(r) be the third derivative of 2/3*r**3 + 0*r + 0 + 2*r**2 - 1/12*r**4. What is f(q)?
-2
Let i(r) = -7*r - 3. Suppose -51*l = -53*l - 4. Determine i(l).
11
Let w(z) = -19*z - 169. Let o be w(-9). Let v(k) = -15*k - 3. Determine v(o).
-33
Let c be 4/(36/99) - -3. Let u(i) = 2*i + 4. Determine u(c).
32
Let b be 0*(1 - 9/6). Let p(m) = -1657 + 829 + m + m**2 + 827. Calculate p(b).
-1
Let a be ((-19)/3 + 4)*-15. Let k = 41 - a. Let y(m) = m**2 - 8*m + 9. Give y(k).
-3
Let d(n) = n**3 + n**2 - 22*n - 10. Let j be d(-5). Let w(a) = 13*a**2 + 5*a - 51. Let m(u) = -3*u**2 - u + 13. Let z(f) = 9*m(f) + 2*w(f). Determine z(j).
15
Let s = 217 + -208. Let u(h) = -h**3 + 10*h**2 - 6*h - 12. Determine u(s).
15
Let x(t) = -13 - 2 - t**2 + 17. Let q be 4/12*-3*0. Determine x(q).
2
Suppose -12 = -4*o + 2*o. Let y(g) = 1387*g - 746*g - 635*g - g**2 + 6. What is y(o)?
6
Let z = 0 + -1. Let p(x) be the second derivative of 0 - 3/20*x**5 - 1/12*x**4 - 1/6*x**3 - x + 0*x**2. Give p(z).
3
Let v be (-148)/259 - 117/(-21). Let a(u) = 2*u. Give a(v).
10
Let l(c) = -c**2 - 6*c - 5. Let n(i) = i - 5. Let s be n(8). Suppose 3 = g + 2*g + 3*q, g + 2*q = -1. Suppose -g*v - 30 = s*v. Give l(v).
0
Let i(l) = -3*l - 2. Let f(t) = t - 3. Let c be f(4). Suppose 2*w = w + c. Let b be i(w). Let o(g) = -g - 7. Determine o(b).
-2
Let g be 24/(-16)*8/6. Let t be ((-12)/(-8) + g)*2. Let p(k) be the second derivative of -k**4/12 - k**3/6 - 8*k. Determine p(t).
0
Let g(b) = -b**2 + 4*b + 1. Let u be g(7). Let h(i) = -i**2 - 21*i - 22. Let o be h(u). Let c(y) = 5*y - 2. Calculate c(o).
-12
Let v(m) be the third derivative of -m**4/24 - m**3/2 + 427*m**2 - 1. Let z be (6 - (-1 - -1))*-1. Calculate v(z).
3
Let b(h) = 3*h - 4. Let r(v) = 8*v - 9. Let o(z) = 7*b(z) - 3*r(z). Give o(5).
-16
Let k(i) = i. Let v be (-8)/(64/(-30))*4/3. Give k(v).
5
Let m = -7 - -11. Let k(h) = m + h**2 + 2*h - 5*h - 2. Determine k(3).
2
Let f be (-1*3)/(2/4). Let w(r) be the first derivative of r**4/12 + 7*r**3/6 + r**2/2 - 44*r - 60. Let g(l) be the first derivative of w(l). Give g(f).
-5
Suppose -35 = -0*x + x. Let r = -14 - x. Suppose 3*m - 3*t = -r, 7 + 0 = -2*m - 5*t. Let g(y) = y**2 + 6*y - 5. Determine g(m).
-5
Let n be 2/7 - (-74)/(-14). Let h be (-5)/(-25) + (-64)/n. Let r(f) = -f + 12. Let j be r(h). Let c(o) = -7*o**3 - o - 1. Determine c(j).
7
Let h = -25 + 27. Let l(a) = -3*a**h + 1 + 5*a**2 + 3*a**2 + 0. Calculate l(-1).
6
Let y(b) be the first derivative of -3*b**2/2 + 4*b + 322. What is y(2)?
-2
Suppose -s + 2*a + 0*a = 0, -5*a = 3*s. Let o be (5 - s) + (5 - 9). Let p(i) = 8*i - 1. What is p(o)?
7
Let q(d) = -11*d**2 - 3*d - 1. Let l(h) = -29*h**2 - 9*h - 3. Let c(v) = -3*l(v) + 8*q(v). Determine c(2).
3
Let a(n) = -8*n + 12 + 2*n + 5*n - 16. Let v = -6 - 0. Calculate a(v).
2
Let h(r) = -r**3 - 2*r + 1. Let x(c) = -c**3 - c**2 - 7*c + 2. Let q(y) = -3*h(y) + x(y). What is q(2)?
9
Suppose 0 = -2*s + 3*s - 2. Suppose 0 = 4*o + 16, -5*i - 4*o + 2364 = -i. Let j(g) = -602*g + i*g - 4 + 2. Calculate j(s).
-16
Let t(a) be the second derivative of a**4/12 - 8*a**3/3 - 9*a**2/2 + 27*a - 1. Give t(15).
-24
Let c(k) = 11 - 158*k**3 + 325*k**3 - 168*k**3. Calculate c(0).
11
Let t = -35 - -47. Suppose t*s - 2*f - 7 = 9*s, -s - 3*f = 5. Let b(p) = 5*p**2 - 2*p + 1. Calculate b(s).
4
Let y(k) be the third derivative of k**7/720 + k**6/240 + k**5/30 - 6*k**2. Let p(n) be the third derivative of y(n). Give p(-2).
-11
Let n(a) = -a**2 - 3*a - 2. Let q = -202 + 198. What is n(q)?
-6
Let p be (-1)/(-1)*(-1 + -1). Let a be 1/(p - -3)*2. Let u(w) = -1 + a*w + 0 - 4 + 2. Determine u(5).
7
Let r(z) be the first derivative of z - 10 - 3/2*z**2. Suppose -5*q - 12 = -2*q. Determine r(q).
13
Let a(t) = -t**3 - 1. Let q be (4 + 143/(-33))/((-1)/15). Let j(l) = -2*l + 3. Let o(c) = c - 2. Let y(z) = -2*j(z) - 5*o(z). Let r be y(q). What is a(r)?
0
Let l(i) = 2*i**3 + 8*i**2 + 9*i + 8. Let b(t) = t**3 - 2*t**2 + 1. Let f(g) = -b(g) + l(g). What is f(-9)?
7
Let r(j) be the first derivative of 3*j**4/8 + j**3/6 + 27*j**2/2 + 32. Let z(i) be the second derivative of r(i). Give z(1).
10
Suppose 0 = -4*b - 0 + 4, -4*b = -5*v + 21. Let y(m) = -m + 6. What is y(v)?
1
Let s(r) = 2 - 8*r + 0 + 9*r - 2 + 3. Let k(n) = 3*n**3 + n + 1. Let l be k(-1). Calculate s(l).
0
Let f(r) be the first derivative of -r**2/2 - 766. Let l = 5 - 11. Give f(l).
6
Let z(r) = -r**3 + r**3 + r**3 + 4*r - 6 - 8*r. Give z(-2).
-6
Let t(w) = -w - 2. Let q = -101 - -104. Suppose -12 = -q*h, -24 = -4*m - 2*h - h. Give t(m).
-5
Let i = -36 + 32. Let q(n) = -2*n - 4. Let v(c) = -4*c - 7. Let y(l) = -5*q(l) + 2*v(l). What is y(i)?
-2
Let v(h) = 4*h**2 + 17*h - 36. Let u be v(-6). Let z(r) = -r**2 + 7*r - 3. Determine z(u).
3
Let v(u) = -u + 3 + 13*u**2 - 7*u - 14*u**2. Give v(-7).
10
Suppose 2*b - 5*b = 4*f - 404, 3*b = 2*f + 392. Let x = b + -141. Let g(o) = -o**2 - 12*o - 13. Determine g(x).
14
Let s(x) be the second derivative of -x**3/6 + 2*x**2 - 91*x. Give s(5).
-1
Let p(u) be the second derivative of u**5/20 - u**3/6 + 29*u**2/2 - 65*u - 2. What is p(0)?
29
Let f(p) = 17*p + 15. Let g(i) = -14*i - 13. Let x(m) = 3*f(m) + 4*g(m). Give x(-7).
28
Let o(n) = n**3 - 587499*n - 1 - 4*n**2 + 587499*n. Give o(4).
-1
Let f(j) = 11*j**2 - 5*j**2 - j**3 - 6*j**2. Let k(c) = -c**3 + 5*c**2 - 3*c - 4. Let n be k(4). Determine f(n).
0
Let p(v) = v**2 - 2*v - 1. Let x be p(4). Suppose -3*y = -3, 0 = 3*u - u - 4*y - 2. Let t(g) = u*g**2 - 7 - 2*g**2 - 12*g - 2*g + 8*g. What is t(x)?
0
Let w(l) be the first derivative of l**3/2 - l**2/2 - 3*l - 39. Let q(g) be the first derivative of w(g). Calculate q(-7).
-22
Suppose 0 = -d + 3, 4*h = 2*d - 7*d - 17. Suppose 0 = -0*g - 2*g. Let f(x) = g*x + 8 + 3*x - x. What is f(h)?
-8
Suppose 62 = 7*b + 55. Let x(s) = 33*s**3 + 2*s**2 - 1. What is x(b)?
34
Let g(j) = -28*j + 125. Let a be g(4). Let b(i) = -i - 16. Calculate b(a).
-29
Let b(f) be the third derivative of 5*f**4/24 + 23*f**3/6 + 23*f**2. Let g be b(-4). Let q(s) = -5*s + 4. Give q(g).
-11
Let v(n) = -9*n + 11*n - 2 - 10*n - n**2 + 10*n. Calculate v(-3).
-17
Let s(c) = -3*c**3 - 2*c**2 - c. Let o be 15 + -12 - (0 + -1). Let m be 120/(-16)*o/(-6). Suppose 7 = -m*y + 2. Determine s(y).
2
Let k(x) = -x + 2*x - x - 3 - x - 2*x**2 + 3*x**2. Determine k(3).
3
Let c(i) be the first derivative of i**4/4 - 4*i**3 - i**2/2 + 15*i - 95. What is c(12)?
3
Let i(u) = u**3 - 4*u**2 - 4*u + 6. Suppose -2*g = -4*a + 68, -a + 33 = -2*g + g. Let z = g - -36. Calculate i(z).
-10
Suppose 5*s = s + d - 22, -2*s - 8 = d. Let a(g) = g**3 + 4*g**2 - 8*g - 7. Give a(s).
8
Let a(i) = -i - 9. Let q(v) = -2*v + 22. Let r be q(4). Let n = 7 - r. Calculate a(n).
-2
Let k(f) = 13*f - 21. Let q be k(4). Let o = q + -33. Let j(c) = -2*c**2 - 2*c + 1. What is j(o)?
-3
Let y(u) = -u - 6. Suppose -3*n - 2*n + 8 = -3*d, -5*d + 3*n + 8 = 0. Suppose 2*z = d - 0. Suppose 6*r = z*r. Give y(r).
-6
Let w(g) = 4*g - 8. Let f be 1/(1 + 0) + 24 + -25. Suppose -4*i + c + 25 = 0, f = -3*c + 7 + 2. Calculate w(i).
20
Let m(c) = -3*c + 22. Let s(v) = -v + 1. Let t(n) = -m(n) + 4*s(n). Let o be t(-13). Let k be 2/o - 27/(-5). Let j(g) = -g - 2. Determine j(k).
-7
Let o = 2591 + -2599. Let l(u) = u**3 + 8*u**2 + 5*u + 5. What is l(o)?
-35
Suppose 5*v - h = 29, -2*v + 34 = 3*v + 4*h. Let l(x) = 3*x - 14. Determine l(v).
4
Let b(l) = -l**2 + l + 1. Let r(d) = d**3 - d**2 - 3*d. Let n(w) = 3*b(w) + r(w). Suppose -39 + 3 = -2*q. Let i be q/6*(-2 + 3). Calculate n(i).
-6
Suppose -5*w = 25, 50 = -3*v + 8*v - 5*w. Suppose -v*j + 4*r = 38, 3*j - r + 14 = -3*r. Let o(a) = a**2 + 3*a. Determine o(j).
18
Let o(i) = i**3 - 8*i**2 + 8*i + 3. Let n = 37 + -18. Suppose 0*v + v = -3*r + 23, -n = -3*r + v. Give o(r).
10
Let u(w) = -w - 1. Suppose 0 = -7*b + 4*b - 6. Let h be b - (-1 - (0 + 0)). Let c be 15/(-2) + h/(-2). Calculate u(c).
6
Let z be -1*((-4)/(-4)*6 + -4). Let i(b) = b**3 - 4*b - 3. Give i(z).
-3
Let k = 14 + -11. Suppose 3*z + w - 16 = 0, -4 = -4*z + k*w - 0. Suppose -6*q + 3*q - f = -10, -5*f = -3*q + z. Let g(m) = 2*m - 2. Give g(q).
4
Let m(g) = -g**2 + 5*g + 5. Let w = 168 - 162. What is m(w)?
-1
Let m = 14 + -8. Let y(n) = -